r of 176007588 and 5412?
492
Calculate the highest common divisor of 1072 and 4073734.
134
What is the greatest common factor of 697087461 and 42?
21
What is the highest common divisor of 1386 and 156534?
42
Calculate the highest common divisor of 17871 and 46879.
259
Calculate the greatest common divisor of 3040 and 10392544.
608
Calculate the highest common factor of 1027 and 63877425.
79
What is the greatest common divisor of 1596408756 and 2568?
1284
What is the highest common divisor of 14586 and 2104498?
374
Calculate the highest common factor of 5478909 and 186.
93
What is the greatest common factor of 105016 and 334909151?
13127
Calculate the greatest common factor of 1740 and 213412740.
1740
Calculate the highest common divisor of 5718347 and 100432.
6277
Calculate the highest common factor of 552 and 29042008.
184
What is the highest common factor of 133 and 6904373?
7
What is the highest common divisor of 142249 and 30208?
59
What is the highest common factor of 1274 and 59046470?
98
Calculate the greatest common factor of 43287054 and 23274.
2586
What is the greatest common factor of 1199 and 223232?
109
Calculate the greatest common divisor of 12978 and 5485986.
1854
Calculate the greatest common factor of 240894203 and 253.
253
What is the highest common factor of 243386 and 18975?
253
Calculate the greatest common divisor of 714450 and 15950.
550
Calculate the highest common divisor of 34775 and 39489099.
1391
What is the highest common divisor of 20807088 and 2068?
188
What is the greatest common factor of 2268 and 35562?
6
Calculate the highest common divisor of 1029216 and 1392.
48
Calculate the highest common factor of 5670 and 2919240.
810
Calculate the greatest common factor of 49761 and 82791246.
5529
Calculate the greatest common divisor of 1484593 and 543609.
3179
Calculate the highest common divisor of 55 and 3125385.
5
Calculate the highest common divisor of 552 and 11981896.
184
Calculate the highest common divisor of 1363 and 25370882.
1363
Calculate the greatest common factor of 504780 and 76140.
2820
Calculate the greatest common factor of 34814820 and 1170.
30
What is the greatest common divisor of 37553432 and 56?
56
Calculate the highest common divisor of 120963 and 6527.
61
What is the highest common factor of 4992 and 1013025?
39
What is the greatest common factor of 23533 and 1792346?
101
Calculate the greatest common factor of 660 and 592262220.
660
Calculate the greatest common factor of 2730762 and 501336.
3798
Calculate the highest common divisor of 46 and 96068010.
46
What is the highest common factor of 38086 and 253313?
137
Calculate the highest common factor of 4185 and 12789333.
27
Calculate the highest common divisor of 495910 and 279770.
1010
What is the highest common factor of 501284441 and 371?
371
Calculate the highest common factor of 20954 and 166.
2
What is the greatest common factor of 5437790 and 145?
145
What is the highest common divisor of 208404 and 1405152?
252
What is the greatest common factor of 3450957 and 5451?
237
What is the greatest common divisor of 707 and 835775?
101
What is the greatest common divisor of 97633600 and 256?
64
What is the highest common divisor of 3083506 and 148?
74
Calculate the greatest common factor of 6695 and 28342613.
1339
What is the greatest common factor of 10548 and 97197183?
2637
What is the greatest common divisor of 3008357 and 442882?
5401
Calculate the greatest common divisor of 10947996 and 16.
4
What is the highest common factor of 977 and 307220581?
977
Calculate the highest common divisor of 2540 and 30040580.
2540
Calculate the highest common divisor of 2686411 and 742.
371
Calculate the greatest common divisor of 6360504 and 324.
12
Calculate the greatest common divisor of 859905 and 317367.
1773
Calculate the greatest common factor of 6973 and 53257.
19
What is the greatest common factor of 2342937 and 15?
3
What is the greatest common divisor of 5579100 and 18000?
900
Calculate the highest common factor of 100 and 13873075.
25
Calculate the highest common factor of 25263203 and 112.
7
What is the greatest common divisor of 2 and 597016072?
2
Calculate the greatest common divisor of 288 and 70437024.
288
What is the highest common divisor of 4812 and 6181816?
1604
What is the highest common factor of 3420172180 and 1180?
1180
What is the highest common factor of 1854 and 3579662?
206
What is the greatest common factor of 1285336 and 494?
26
Calculate the highest common divisor of 9546 and 2546718.
258
Calculate the greatest common factor of 15829534 and 1218.
406
What is the greatest common divisor of 55158 and 5220990?
1902
What is the highest common factor of 8034195 and 78?
39
Calculate the greatest common factor of 3235155 and 44.
11
What is the greatest common divisor of 571243789 and 31?
31
Calculate the highest common factor of 773 and 4552219417.
773
Calculate the highest common factor of 19 and 60358668.
19
Calculate the highest common factor of 182 and 22186216.
26
What is the greatest common factor of 14911184 and 16?
16
What is the highest common factor of 15 and 1132855?
5
What is the greatest common divisor of 51333170 and 140?
70
What is the greatest common divisor of 29745065 and 70?
35
What is the highest common factor of 1124088 and 13608?
168
What is the highest common divisor of 345838 and 35446?
958
What is the highest common divisor of 1692 and 14058828?
1692
What is the greatest common factor of 6686872 and 32?
8
Calculate the greatest common divisor of 572 and 393980587.
143
What is the greatest common divisor of 34516849 and 3093?
1031
Calculate the greatest common factor of 4775568 and 179340.
5124
Calculate the highest common divisor of 50 and 230695225.
25
Calculate the greatest common factor of 259026 and 82386.
138
Calculate the greatest common divisor of 25377 and 381.
3
Calculate the greatest common divisor of 74733 and 5880156.
87
What is the highest common factor of 4581 and 804645?
9
Calculate the greatest common divisor of 943906 and 55971.
691
What is the greatest common factor of 5381420 and 180?
20
Calculate the highest common factor of 28741987 and 2407.
2407
What is the greatest common divisor of 39137 and 33607501?
5591
What is the greatest common factor of 59268260 and 206?
206
What is the greatest common divisor of 215533548 and 306?
306
Calculate the greatest common divisor of 303960228 and 11.
11
Calculate the highest common factor of 81531 and 25794.
9
What is the highest common factor of 364525 and 3675?
175
Calculate the greatest common divisor of 4366755 and 3240.
45
What is the highest common factor of 6565 and 74945?
65
What is the greatest common divisor of 1716 and 65384704?
44
Calculate the greatest common factor of 920 and 16649240.
920
What is the greatest common divisor of 999996 and 71142?
1002
Calculate the highest common divisor of 17355270 and 120.
30
Calculate the greatest common factor of 738832 and 4624.
16
What is the highest common factor of 575932742 and 231?
77
Calculate the highest common factor of 417 and 2853809.
139
What is the greatest common divisor of 1490964 and 30?
6
Calculate the highest common divisor of 4565296 and 1856.
464
Calculate the highest common factor of 1433133011 and 2203.
2203
What is the highest common divisor of 224 and 2703904?
224
Calculate the highest common factor of 142146361 and 77.
7
Calculate the greatest common divisor of 229983954 and 3426.
3426
What is the greatest common divisor of 396 and 899361?
9
What is the highest common factor of 64464 and 961622?
34
What is the greatest common divisor of 24985 and 8330740?
95
Calculate the greatest common factor of 12 and 47447124.
12
Calculate the highest common divisor of 28924 and 116956.
28
Calculate the highest common factor of 1617308 and 12188.
44
Calculate the greatest common factor of 126 and 13570851.
21
What is the highest common factor of 78572764 and 2274?
758
What is the highest common divisor of 37953 and 651663?
9
Calculate the greatest common factor of 722466 and 15300.
306
What is the highest common factor of 7336140 and 180?
60
What is the greatest common divisor of 252 and 778651524?
252
Calculate the highest common factor of 1470 and 4449466.
14
Calculate the grea